14 = -12*a + 11*a. Let m = -370 - a. What is the tens digit of m?
4
Suppose 17237 + 12058 = 21*u. What is the tens digit of u?
9
Suppose -29*r = -21507 - 17556. What is the tens digit of r?
4
Suppose -2*p - 3544 = -5*g - 38493, -87365 = -5*p + 5*g. What is the tens digit of p?
7
Suppose 0 = 4*s - w - 106977, -3*s - 25*w + 80254 = -30*w. What is the tens digit of s?
4
Let q(d) = 2*d**3 - 2*d**2 + 16*d + 3159. What is the thousands digit of q(0)?
3
Let x = 5518 - 2451. Suppose f - 4*h = 599, -f - 4*f - 4*h + x = 0. What is the hundreds digit of f?
6
Let f be -65*((-108)/20 - -5). Suppose -f = -5*u - 8*u. Suppose -u*h = w - 120 + 12, 4*w - 5*h = 445. What is the hundreds digit of w?
1
Suppose -72*h + 400 = -62*h. What is the tens digit of (h/(-12))/5 + 1054/6?
7
Suppose 2*w = -6, -2*l - 3*w - 81 = -3*l. Let f = l + 173. What is the units digit of f?
5
Let m(d) = -15*d**3 - d**2 + 2*d - 8. Suppose 0 = 27*b - 22*b + 15. What is the units digit of m(b)?
2
Suppose 880 = 94*z - 86*z. What is the hundreds digit of z?
1
Let v = -336 + 2105. Suppose -4*u - 14*n = -17*n - v, 3*n - 15 = 0. What is the tens digit of u?
4
Suppose -5*u - 4*i = -i + 9, -3*u + i - 11 = 0. Let a be 75/50*(-8)/u. Suppose -2*g - a = -3*g. What is the units digit of g?
4
Suppose 0 = -2*t - 251 + 253. What is the units digit of (-2500)/(-10) - 4/(1/t)?
6
Let u be 1886 + -2 - (-8)/(-2). Suppose -12*l - 116 = -u. Suppose 7*r - 1057 + l = 0. What is the hundreds digit of r?
1
Suppose -12*o = -8*o - 232. Let j = o + -50. Suppose 3 = g - j. What is the units digit of g?
1
What is the ten thousands digit of (1097*-2)/(30 - (-29440)/(-980))?
5
Let j be 6 + (-1 - (-4 + 1)). Suppose 5*o = -j - 7, -3*o - 9 = 4*l. What is the units digit of (-1 - l)/(5/(-35))?
7
Suppose 3*z + 5*y + 7090 = 0, y + 2354 = -z - 3*y. Let h = z + 3818. What is the thousands digit of h?
1
Let x(b) = -23*b**2 - b + 3. Let t be x(2). Let z = -95 - t. What is the units digit of (-238)/z*192/112?
2
Let u = -95 + 113. Let m(p) = p**2 + 10*p - 19. Let z be m(u). Suppose 6*k - z = k. What is the units digit of k?
7
Let z(n) = 60*n**2 + 6. Let s be z(2). Let v = 64 + s. What is the tens digit of v?
1
Let r(a) = 20*a - 186. Let z be r(12). Suppose -b = 2*n + 71 + 4, -3*n - 4*b - 120 = 0. Let v = z + n. What is the units digit of v?
8
Let u(k) = 2*k**3 + 17*k**2 + 8*k - 73. What is the tens digit of u(8)?
0
Suppose 44 = 6*t + 5*t. Let f be (-56)/(-21)*((-35)/t - -2). What is the tens digit of 131 - f/(-27)*(-6)/(-4)?
3
Suppose 2*r - 9051 = 3881. What is the tens digit of r?
6
Suppose -438 = g + g. Let s = g + 402. Suppose 4*h + 3*q - s = 0, -2*h - 6*q + 10*q + 86 = 0. What is the tens digit of h?
4
Suppose -t + 20 = 3*t. Suppose -212 = -8*w + 6*w + 2*p, -t*p = 4*w - 451. What is the tens digit of w?
0
Let g = -2335 + 2317. Let z(t) = -5*t**3 + 17*t**2 - 26*t - 12. Let c(k) = -k**3 - 1. Let l(j) = -6*c(j) + z(j). What is the units digit of l(g)?
8
What is the thousands digit of ((-84)/(-10) - 40/100) + 20441?
0
Let v = 688 + 644. What is the thousands digit of v?
1
Let x(s) be the first derivative of -s**3/6 + 33*s**2/2 - 14*s - 13. Let p(j) be the first derivative of x(j). What is the tens digit of p(18)?
1
Let m be (20 - 19)*58/1. Let j = 316 - m. Suppose -j - 206 = -4*y. What is the hundreds digit of y?
1
Let k(i) = 18*i**2 - 15*i - 2. Suppose 9*w + 11 + 25 = 0. What is the tens digit of k(w)?
4
Suppose -75*r - 508670 = -1848020. What is the ten thousands digit of r?
1
Let b(y) = -13*y**2 + 9*y**2 + 3*y - y - 3*y. Let f be b(-1). What is the units digit of 1/f*(2 - 35)?
1
Suppose 9*f + 4 = 5*f. Let k be 3/(f + (-20)/(-32)). Let b(v) = -v**2 - 9*v + 3. What is the units digit of b(k)?
1
Suppose -22167*o + 22158*o = -472572. What is the tens digit of o?
0
Suppose -5*w + 3*b = -73184, -2*w - 4*b - 58536 = -6*w. What is the thousands digit of w?
4
Suppose 499*g = 456*g + 215129. What is the tens digit of g?
0
Let m be (2/7)/(-1) + 26/91. Suppose 3*l - 9 - 6 = m. Suppose 0 = -l*c + 180 + 220. What is the tens digit of c?
8
Let o = -3304 - -4181. Let x = -9 - -13. Suppose 2*z + 6*s - 433 = s, -o = -x*z + s. What is the hundreds digit of z?
2
Let m be (4 - -38)/(-7) + 6. Suppose m = g + 3*g - 3192. What is the hundreds digit of g?
7
What is the tens digit of (-21 - -23)/(6680/(-6682) + 1)?
8
Suppose 3*a = 4*b - 59648, 3*b - 27657 = -3*a + 17058. What is the hundreds digit of b?
9
Let g(v) = 115*v**2 + 22*v - 250. What is the hundreds digit of g(7)?
5
Let p(f) = 8*f + 61. Let b(k) = k**2 + 15*k + 4. Let y be b(-15). Suppose y*x = -2*o + 58, -4*x + 4*o - 42 = -130. What is the hundreds digit of p(x)?
1
Let r(l) = -3*l + 1. Let c be r(-1). Let n(w) = -19*w**3 + 3*w**2 + 8*w + 3. Let i be n(-1). Suppose i = c*t + 1. What is the units digit of t?
4
What is the hundreds digit of -127*1*(-110)/154*35?
1
Let t(s) = -284*s**3 + 2*s**2 - 6*s - 38. What is the thousands digit of t(-5)?
5
Let i(k) = 17*k - 296. Let o be i(17). Let t(s) = -21*s - 27. Let h(b) = 14*b + 18. Let a(w) = -8*h(w) - 5*t(w). What is the tens digit of a(o)?
4
What is the tens digit of (10/(-9))/1 + 286659662/3609?
2
Suppose -559*r + 5*d - 128370 = -564*r, 102688 = 4*r - 4*d. What is the thousands digit of r?
5
Let a = 55 + -55. Let i(q) = 2*q + 36. Let n be i(-17). Suppose -99 = -h - 4*j + 49, a = h + n*j - 140. What is the hundreds digit of h?
1
Suppose 4 = 2*z - 4*t, -4*t + 9*t - 25 = -5*z. Let o be ((-1)/(-2))/(z/(-48)). What is the units digit of (-1 - o) + 71 + 0 + -1?
5
Let c(p) = -4 - 126*p**2 + 65*p**2 + 3*p + 58*p**2 - 17*p**3. Let w be c(2). Let h = -29 - w. What is the hundreds digit of h?
1
Let f be (-2)/(-1)*19*1. Let s = 41 - f. Suppose -152 = -s*w + 154. What is the units digit of w?
2
Suppose 0 = -o + 7*o + 17400. What is the tens digit of 33/2*2*o/(-174)?
5
Suppose a - 3*i + 217 - 3478 = 0, -5*a - i = -16337. What is the units digit of a?
7
What is the hundreds digit of (((-117620)/15)/(-1))/((468/(-27))/(-13))?
8
Let m(u) = u**3 - 48*u**2 - 73*u - 215. What is the hundreds digit of m(50)?
1
Suppose 3*d + 8*v - 3624 = 19315, 0 = -3*d + 4*v + 22915. What is the thousands digit of d?
7
Suppose 6*c + 4*c = 2460. Let h = c + 32. Suppose 7*s - h = 681. What is the hundreds digit of s?
1
Let i = 2539 + -2457. Suppose 10*a - 5*a = -l - 41, -4*l = 5*a + 104. Let c = i - l. What is the units digit of c?
3
Let u be (-121194)/(-108) + 3/(-18). Let m = 2714 - u. What is the thousands digit of m?
1
Suppose 50277 + 46275 = -17755*v + 17779*v. What is the tens digit of v?
2
Let q(i) be the second derivative of i**4/12 + 8*i**3/3 - i**2/2 - i + 53. Suppose -5*k = -2*n - 39, -2*n + 3*n - 4*k + 21 = 0. What is the units digit of q(n)?
6
Let m(x) = x**2 + 975. Suppose 0 + 0 = 21*p. What is the tens digit of m(p)?
7
Let o be -3 + 5 + -1 + 18/(-6). Let s be (-6)/(1 - (-5)/(-2)). What is the tens digit of o + 3 + 100 - s?
9
Suppose 9*s - 16 = 11. Suppose -s*g + 15 = -12. What is the hundreds digit of 1857/12 + g/36?
1
Let c = 676 + -388. Let m = -2414 + 2421. Suppose -m*l - c = -9*l. What is the units digit of l?
4
Let v = -49 - -19. Let m be -3*145/v*4. Suppose -c = 4*f - 205, -m = -f + 2*c - 0. What is the tens digit of f?
5
Let j = 102555 + -66602. What is the tens digit of j?
5
Suppose -78278*q + 78269*q = -255285. What is the ten thousands digit of q?
2
Let z = -201 + 200. What is the units digit of 12/(-18) + 6621*z/(-9)?
5
Let s(u) = 11*u + 4. Let k be s(2). Suppose -4*t - a - 260 = -k, -3*t - 2*a - 178 = 0. Let g = t - -108. What is the units digit of g?
0
Let d be (2 - 1)/(-7*10/(-70)). What is the hundreds digit of (-3*(-10359)/108)/(d/4)?
1
Suppose -104627 = -137*j + 223625. What is the tens digit of j?
9
What is the hundreds digit of -12*(9416/(-16) + 5)?
0
Let z(u) = 2*u + 5. Let t be z(-2). Let g be 58/10 - t/(-5). Let l(b) = 4*b**2 - 16*b + 6. What is the tens digit of l(g)?
5
Let j(x) = 4*x**2 - x - 8. Suppose 13*f = 16*f - 15. Suppose -g = -5*y + f - 16, 2 = -2*y + g. What is the units digit of j(y)?
1
What is the thousands digit of (-942)/2512 - 62979/(-8)?
7
Suppose 0 = -4*g - 0*g + 8. Suppose 0 = -3*u - g*l + 468, 0 = -0*l + 2*l - 6. Let f = -95 + u. What is the units digit of f?
9
Let y = -3490 + 4082. Let j = 85 + -57. Suppose 5*x - y = j. What is 